 prime factors of 22009?
13, 1693
List the prime factors of 5913.
3, 73
What are the prime factors of 1741?
1741
What are the prime factors of 98690?
2, 5, 71, 139
List the prime factors of 13706.
2, 7, 11, 89
What are the prime factors of 55522?
2, 17, 23, 71
What are the prime factors of 2591?
2591
What are the prime factors of 858?
2, 3, 11, 13
List the prime factors of 19902.
2, 3, 31, 107
What are the prime factors of 75125?
5, 601
List the prime factors of 1352.
2, 13
What are the prime factors of 8092?
2, 7, 17
List the prime factors of 3723.
3, 17, 73
What are the prime factors of 4325?
5, 173
What are the prime factors of 3405?
3, 5, 227
List the prime factors of 4731.
3, 19, 83
What are the prime factors of 4937?
4937
List the prime factors of 1806.
2, 3, 7, 43
What are the prime factors of 69342?
2, 3, 7, 13, 127
What are the prime factors of 697?
17, 41
List the prime factors of 23.
23
List the prime factors of 32290.
2, 5, 3229
List the prime factors of 529.
23
What are the prime factors of 132426?
2, 3, 7, 1051
What are the prime factors of 42821?
42821
What are the prime factors of 25948?
2, 13, 499
What are the prime factors of 6510?
2, 3, 5, 7, 31
What are the prime factors of 35010?
2, 3, 5, 389
List the prime factors of 187.
11, 17
What are the prime factors of 3457?
3457
What are the prime factors of 19354?
2, 9677
What are the prime factors of 45686?
2, 53, 431
List the prime factors of 1007.
19, 53
List the prime factors of 4105.
5, 821
List the prime factors of 54829.
54829
List the prime factors of 162.
2, 3
List the prime factors of 3108.
2, 3, 7, 37
List the prime factors of 1329.
3, 443
What are the prime factors of 8636?
2, 17, 127
What are the prime factors of 470?
2, 5, 47
What are the prime factors of 750?
2, 3, 5
List the prime factors of 24880.
2, 5, 311
What are the prime factors of 1307?
1307
What are the prime factors of 2744?
2, 7
List the prime factors of 14024.
2, 1753
List the prime factors of 4690.
2, 5, 7, 67
What are the prime factors of 788?
2, 197
What are the prime factors of 4151?
7, 593
List the prime factors of 15230.
2, 5, 1523
List the prime factors of 809.
809
List the prime factors of 1350.
2, 3, 5
List the prime factors of 6858.
2, 3, 127
List the prime factors of 1151.
1151
List the prime factors of 971.
971
What are the prime factors of 3046?
2, 1523
List the prime factors of 94148.
2, 23537
What are the prime factors of 1496?
2, 11, 17
What are the prime factors of 110?
2, 5, 11
List the prime factors of 2826.
2, 3, 157
List the prime factors of 32937.
3, 10979
What are the prime factors of 197?
197
List the prime factors of 12555.
3, 5, 31
What are the prime factors of 2215?
5, 443
What are the prime factors of 2033?
19, 107
List the prime factors of 32761.
181
List the prime factors of 47121.
3, 113, 139
What are the prime factors of 482?
2, 241
What are the prime factors of 947?
947
What are the prime factors of 15558?
2, 3, 2593
What are the prime factors of 44516?
2, 31, 359
What are the prime factors of 2264?
2, 283
What are the prime factors of 5358?
2, 3, 19, 47
What are the prime factors of 8679?
3, 11, 263
What are the prime factors of 4096?
2
What are the prime factors of 482?
2, 241
What are the prime factors of 969?
3, 17, 19
What are the prime factors of 14391?
3, 13, 41
What are the prime factors of 5244?
2, 3, 19, 23
What are the prime factors of 860?
2, 5, 43
What are the prime factors of 3936?
2, 3, 41
What are the prime factors of 86735?
5, 11, 19, 83
List the prime factors of 17645.
5, 3529
What are the prime factors of 2300?
2, 5, 23
List the prime factors of 30737.
7, 4391
List the prime factors of 518.
2, 7, 37
What are the prime factors of 4222?
2, 2111
What are the prime factors of 1310?
2, 5, 131
List the prime factors of 9244.
2, 2311
What are the prime factors of 6656?
2, 13
List the prime factors of 1166.
2, 11, 53
List the prime factors of 1511.
1511
List the prime factors of 10449.
3, 43
What are the prime factors of 274?
2, 137
What are the prime factors of 21509?
137, 157
List the prime factors of 182404.
2, 31, 1471
What are the prime factors of 7420?
2, 5, 7, 53
What are the prime factors of 231?
3, 7, 11
What are the prime factors of 646?
2, 17, 19
List the prime factors of 122667.
3, 31, 1319
What are the prime factors of 5010?
2, 3, 5, 167
List the prime factors of 1026.
2, 3, 19
List the prime factors of 65740.
2, 5, 19, 173
List the prime factors of 6319.
71, 89
List the prime factors of 3203.
3203
What are the prime factors of 34254?
2, 3, 11, 173
What are the prime factors of 973?
7, 139
List the prime factors of 803.
11, 73
List the prime factors of 20891.
13, 1607
What are the prime factors of 47128?
2, 43, 137
List the prime factors of 627.
3, 11, 19
List the prime factors of 46693.
53, 881
What are the prime factors of 1180?
2, 5, 59
What are the prime factors of 2385?
3, 5, 53
What are the prime factors of 36951?
3, 109, 113
What are the prime factors of 665?
5, 7, 19
What are the prime factors of 3139?
43, 73
What are the prime factors of 1234?
2, 617
What are the prime factors of 17264?
2, 13, 83
What are the prime factors of 20880?
2, 3, 5, 29
What are the prime factors of 1088?
2, 17
What are the prime factors of 11858?
2, 7, 11
List the prime factors of 800.
2, 5
List the prime factors of 28719.
3, 3191
What are the prime factors of 16314?
2, 3, 2719
What are the prime factors of 1435?
5, 7, 41
List the prime factors of 864.
2, 3
List the prime factors of 166.
2, 83
List the prime factors of 60339.
3, 20113
What are the prime factors of 4360?
2, 5, 109
List the prime factors of 1865.
5, 373
List the prime factors of 10641.
3, 3547
List the prime factors of 320.
2, 5
What are the prime factors of 1723?
1723
List the prime factors of 11642.
2, 5821
List the prime factors of 1451.
1451
List the prime factors of 8225.
5, 7, 47
List the prime factors of 3021.
3, 19, 53
What are the prime factors of 3881?
3881
List the prime factors of 18482.
2, 9241
What are the prime factors of 98910?
2, 3, 5, 7, 157
What are the prime factors of 6159?
3, 2053
What are the prime factors of 55122?
2, 3, 9187
What are the prime factors of 518?
2, 7, 37
List the prime factors of 975.
3, 5, 13
List the prime factors of 978.
2, 3, 163
What are the prime factors of 5233?
5233
List the prime factors of 661.
661
What are the prime factors of 411?
3, 137
List the prime factors of 33.
3, 11
List the prime factors of 25840.
2, 5, 17, 19
List the prime factors of 11619.
3, 1291
What are the prime factors of 24792?
2, 3, 1033
List the prime factors of 358.
2, 179
List the prime factors of 58098.
2, 3, 23, 421
What are the prime factors of 31982?
2, 15991
List the prime factors of 497.
7, 71
What are the prime factors of 30223?
30223
What are the prime factors of 18570?
2, 3, 5, 619
What are the prime factors of 2738?
2, 37
What are the prime factors of 2975?
5, 7, 17
List the prime factors of 13037.
13037
What are the prime factors of 1164?
2, 3, 97
What are the prime factors of 1542?
2, 3, 257
What are the prime factors of 3751?
11, 31
List the prime factors of 3096.
2, 3, 43
What are the prime factors of 1957?
19, 103
List the prime factors of 900.
2, 3, 5
What are the prime factors of 2983?
19, 157
List the prime factors of 11498.
2, 5749
List the prime factors of 5071.
11, 461
What are the prime factors of 787?
787
What are the prime factors of 1289?
1289
List the prime factors of 49.
7
List the prime factors of 21574.
2, 7, 23, 67
What are the prime factors of 8497?
29, 293
List the prime factors of 38141.
43, 887
What are the prime factors of 12247?
37, 331
What are the prime factors of 766?
2, 383
List the prime factors of 25536.
2, 3, 7, 19
List the prime factors of 10267.
10267
List the prime factors of 948.
2, 3, 79
List the prime factors of 7231.
7, 1033
What are the prime factors of 575?
5, 23
What are the prime factors of 3747?
3, 1249
List the prime factors of 2994.
2, 3, 499
What are the prime factors of 1761?
3, 587
What are the prime factors of 2131?
2131
List the prime factors of 10867.
10867
List the prime factors of 53304.
2, 3, 2221
What are the prime factors of 6687?
3, 743
What are the prime factors of 1225?
5, 7
What are the prime factors of